
11
Calculate the greatest common divisor of 208 and 7748.
52
Calculate the highest common factor of 30 and 3100.
10
Calculate the highest common divisor of 39844 and 28.
28
What is the greatest common factor of 1419 and 22?
11
Calculate the greatest common divisor of 2070 and 17802.
414
Calculate the greatest common divisor of 540 and 1880.
20
Calculate the highest common factor of 125 and 3375.
125
Calculate the greatest common divisor of 484 and 176.
44
What is the highest common factor of 640 and 20?
20
Calculate the highest common divisor of 357 and 34391.
119
Calculate the greatest common factor of 14 and 126.
14
What is the greatest common divisor of 17 and 33?
1
Calculate the highest common divisor of 133 and 7.
7
Calculate the highest common factor of 979 and 178.
89
Calculate the highest common factor of 621 and 81.
27
Calculate the greatest common factor of 2802 and 66.
6
What is the greatest common divisor of 108 and 972?
108
Calculate the highest common factor of 16 and 27.
1
Calculate the highest common divisor of 6477 and 153.
51
What is the highest common factor of 759 and 1311?
69
Calculate the greatest common factor of 189 and 7.
7
What is the greatest common divisor of 21 and 147?
21
Calculate the greatest common divisor of 2059 and 355.
71
What is the highest common factor of 364 and 676?
52
What is the greatest common divisor of 247 and 19?
19
What is the highest common divisor of 31113 and 9?
9
What is the greatest common factor of 34 and 272?
34
What is the greatest common divisor of 1284 and 1177?
107
Calculate the greatest common divisor of 315 and 119.
7
What is the highest common divisor of 41 and 1271?
41
Calculate the greatest common factor of 1081 and 253.
23
Calculate the highest common divisor of 5696 and 623.
89
Calculate the greatest common divisor of 825 and 66.
33
Calculate the greatest common divisor of 74 and 925.
37
Calculate the greatest common factor of 390 and 702.
78
What is the greatest common factor of 750 and 15250?
250
What is the highest common divisor of 304 and 6976?
16
Calculate the highest common factor of 8332 and 4.
4
Calculate the greatest common divisor of 31 and 68417.
31
Calculate the highest common factor of 3040 and 960.
160
Calculate the greatest common divisor of 2646 and 54.
54
Calculate the highest common divisor of 5 and 15.
5
What is the highest common factor of 13 and 3159?
13
What is the highest common divisor of 319 and 11?
11
What is the greatest common factor of 1932 and 2300?
92
What is the greatest common divisor of 12 and 25836?
12
What is the highest common factor of 10 and 30?
10
What is the highest common divisor of 28 and 3668?
28
Calculate the highest common factor of 22 and 363.
11
What is the greatest common factor of 21976 and 328?
328
Calculate the greatest common factor of 40 and 590.
10
What is the highest common divisor of 7 and 413?
7
What is the greatest common divisor of 30378 and 83?
83
Calculate the highest common factor of 168 and 392.
56
What is the greatest common divisor of 54 and 78?
6
What is the highest common factor of 100 and 75?
25
Calculate the highest common divisor of 168 and 36.
12
Calculate the highest common divisor of 672 and 42.
42
Calculate the greatest common factor of 608 and 12.
4
Calculate the highest common divisor of 140 and 56.
28
Calculate the greatest common divisor of 20 and 76.
4
Calculate the highest common divisor of 15 and 4755.
15
What is the greatest common divisor of 109 and 109?
109
What is the greatest common factor of 1442 and 14?
14
Calculate the greatest common factor of 4632 and 96.
24
Calculate the greatest common divisor of 338 and 78.
26
Calculate the greatest common factor of 17 and 57103.
17
Calculate the greatest common divisor of 18 and 36.
18
Calculate the greatest common divisor of 274 and 87132.
274
Calculate the greatest common factor of 225 and 9.
9
What is the highest common factor of 5672 and 32?
8
What is the highest common factor of 53 and 6466?
53
What is the greatest common divisor of 8 and 2788?
4
What is the highest common divisor of 399 and 21?
21
What is the highest common factor of 7 and 43?
1
What is the highest common divisor of 27 and 2547?
9
Calculate the highest common divisor of 183 and 5063.
61
Calculate the highest common divisor of 11849 and 578.
289
Calculate the highest common factor of 24 and 1720.
8
Calculate the greatest common divisor of 15 and 20.
5
What is the highest common divisor of 45 and 55665?
45
What is the greatest common divisor of 138 and 2668?
46
Calculate the greatest common factor of 396 and 2068.
44
Calculate the highest common factor of 342 and 6346.
38
What is the greatest common divisor of 250 and 925?
25
Calculate the greatest common divisor of 402 and 20703.
201
Calculate the greatest common divisor of 672 and 84.
84
Calculate the greatest common divisor of 148 and 8.
4
What is the highest common factor of 10 and 710?
10
Calculate the highest common divisor of 161 and 989.
23
Calculate the highest common divisor of 1141 and 49.
7
Calculate the highest common divisor of 31457 and 1516.
379
Calculate the highest common divisor of 3 and 87.
3
Calculate the highest common factor of 47 and 5875.
47
What is the greatest common divisor of 56 and 24?
8
What is the greatest common divisor of 512 and 64?
64
Calculate the highest common factor of 18 and 3249.
9
What is the highest common divisor of 1712 and 688?
16
Calculate the greatest common divisor of 646 and 68.
34
What is the greatest common factor of 154 and 1890?
14
What is the highest common factor of 3 and 5091?
3
What is the highest common factor of 183 and 4819?
61
Calculate the greatest common factor of 26 and 286.
26
What is the highest common factor of 611 and 130?
13
What is the greatest common divisor of 13 and 1495?
13
Calculate the highest common factor of 17 and 5984.
17
What is the highest common factor of 625 and 5?
5
Calculate the highest common factor of 120 and 40.
40
Calculate the greatest common divisor of 2 and 256.
2
What is the highest common factor of 396 and 7304?
44
Calculate the highest common factor of 18 and 1062.
18
Calculate the greatest common divisor of 18 and 2247.
3
What is the highest common divisor of 12 and 213?
3
What is the highest common divisor of 259 and 7?
7
Calculate the greatest common divisor of 210 and 4011.
21
Calculate the greatest common factor of 44 and 10681.
11
Calculate the greatest common factor of 1024 and 4032.
64
What is the greatest common factor of 68 and 168?
4
Calculate the greatest common factor of 10 and 280.
10
What is the highest common factor of 3228 and 12?
12
Calculate the highest common factor of 11180 and 13.
13
What is the highest common factor of 15 and 3840?
15
What is the highest common factor of 255 and 15?
15
Calculate the greatest common divisor of 228 and 36.
12
What is the highest common divisor of 1299 and 3?
3
What is the greatest common divisor of 24 and 3156?
12
What is the greatest common divisor of 288 and 9664?
32
Calculate the highest common factor of 14 and 98.
14
What is the highest common divisor of 40 and 1720?
40
What is the greatest common divisor of 158 and 18407?
79
Calculate the greatest common divisor of 40 and 31700.
20
Calculate the highest common divisor of 1016 and 40.
8
Calculate the greatest common divisor of 99 and 108.
9
Calculate the highest common divisor of 47 and 141.
47
Calculate the highest common factor of 42 and 13146.
42
What is the greatest common divisor of 14 and 574?
14
Calculate the highest common factor of 49 and 28.
7
What is the greatest common divisor of 884 and 4641?
221
What is the greatest common factor of 32 and 152?
8
Calculate the greatest common divisor of 704 and 22.
22
Calculate the highest common factor of 184 and 24.
8
What is the greatest common divisor of 17710 and 35?
35
What is the highest common divisor of 3402 and 252?
126
What is the highest common divisor of 11 and 9878?
11
Calculate the highest common divisor of 50 and 4150.
50
What is the greatest common divisor of 160 and 352?
32
What is the highest common factor of 76 and 2299?
19
What is the greatest common divisor of 92 and 23?
23
What is the highest common divisor of 142 and 8378?
142
What is the greatest 